. What is the hundreds digit of i?
1
Let g(z) = z**2 + 8*z - 7. Let n be g(-9). What is the units digit of ((-2)/(-2))/(n/38)?
9
Let g(m) = -m**2 + 32*m + 50. What is the hundreds digit of g(24)?
2
Let t(k) = 4*k + 1. Let i be t(-4). Let g = 26 + i. What is the tens digit of g?
1
Let s be 22/4 - (-4)/(-8). Let d = -4 + s. Let o = 0 + d. What is the units digit of o?
1
Let f(z) = -z**3 + 17*z**2 - 9*z + 14. What is the tens digit of f(15)?
2
Let s be 0 + 0 + -3 + 7. Suppose -3*u = 3, 3 - 7 = 2*t + s*u. Let v = t + 8. What is the units digit of v?
8
Let n = -34 + 61. Suppose -3*o = 4*b - 7*b + 27, 3*b + 5*o = n. Suppose 0 + b = 3*g + u, 5*g - 2*u - 4 = 0. What is the units digit of g?
2
Let k(o) = -o + 7. Let d be k(3). Suppose -y + 5*y - d = 0. What is the units digit of y?
1
Let o be (-17)/3*(6 + -3). What is the units digit of (-1 - (-1 + o))/1?
7
Let j(r) be the second derivative of r**5/20 - 13*r**4/12 + r**3/2 - 4*r**2 + 3*r. What is the tens digit of j(13)?
3
Suppose 3*n - 191 = -t, 0*t - 2*n = -2*t + 358. What is the tens digit of t?
8
Let z be (-1 - 0) + (1 - -5). Suppose -10 = -z*w + 10. What is the units digit of w?
4
What is the hundreds digit of (-18 - 2)*(-5 + (-27)/6)?
1
Let f = -36 - -51. What is the units digit of f?
5
Let m = 186 - 82. What is the units digit of m?
4
Suppose o - 4*q = 16, 2*o - 2 = -2*q - 0. Suppose -2*r - 10 = -o*r. What is the units digit of r?
5
Suppose -r + 4*r - 6 = 0. Suppose r*n + 0*n = 14. What is the units digit of n?
7
Let k = 17 - 12. Suppose -k = y - 5*l - 13, 5*y = 5*l + 40. What is the units digit of y?
8
Let l(t) = t + 3. Let a be l(-5). What is the units digit of (-1 - a) + (-162)/(-6)?
8
What is the units digit of (-2)/((-1)/(115/10))?
3
Suppose 0 = -5*i + 7 + 3. Suppose o = -i + 5. Suppose o*b + 3*q - 3 = q, -4*b + 5*q = -27. What is the units digit of b?
3
Let s(b) = -b**2 - 9*b - 15. Let z be s(-6). Suppose 0 = -z*y + y + 62. What is the tens digit of y?
3
Let i(h) = h**2 - 7*h + 9. Let t be i(6). What is the units digit of (15 - 2) + 1*t?
6
Let w(p) be the third derivative of -p**6/120 + p**5/20 - p**4/12 + p**3/6 + 3*p**2. Let y be w(2). What is the units digit of (-8)/(y*(-2 + 1))?
8
Let h be 60/25 - 2/5. Suppose h*m + 16 = m. Let a = -11 - m. What is the units digit of a?
5
Let a(o) = -3*o + 6. Let y(u) = 5*u - 9. Let k(n) = 8*a(n) + 5*y(n). Let x be k(0). Suppose x*w = 3*b - 45, 2*w = -4*b - 0*w + 36. What is the tens digit of b?
1
Let y(x) = -x + 11. What is the tens digit of y(0)?
1
Let y = 43 + -4. What is the units digit of y?
9
Let g be 3 + 9/(-1 + -2). Suppose g*o = -4*o + f + 119, 129 = 4*o + f. What is the units digit of o?
1
Let n(f) = f**3 - 3*f**2 + 3. Let x be n(3). Suppose x*d - 70 + 22 = 0. Suppose 3*p - d = 2. What is the units digit of p?
6
Let x(r) = -r**3 - 2*r**2 + 3*r + 1. Let a be x(-3). Suppose 0 = 4*p - 4*d + 4, -d - 2*d = -4*p + a. Let l(f) = -f + 7. What is the units digit of l(p)?
3
Let c(q) = -6*q - 66. Let v(a) = a + 13. Let p(d) = 2*c(d) + 11*v(d). Suppose w + 1 = 2*w, -3*w - 21 = -4*i. What is the units digit of p(i)?
5
Let j be (-1)/(1/(-29)*-1). Let l = -17 - j. What is the tens digit of l?
1
What is the units digit of (-14)/49 - (-16)/7?
2
Let t = -8 - -10. Let f(h) = 2*h**2 - t*h**2 + 2*h**2 - h**2 - h + 20. What is the tens digit of f(0)?
2
Let x be 2 + 1 + -5 + 3. What is the units digit of 5*(0 + 3)*x?
5
Suppose 154 = 5*n + w, 3*n + 0*w = w + 94. Suppose 4*u + n = 107. What is the tens digit of u?
1
Let b = -7 + 6. What is the units digit of (2 + 3)/(b + 2)?
5
Let m = -10 - -5. Let g be (m - 4)*1/(-3). Suppose -4*v - 4*r = -v - 34, -g*v + 4*r + 2 = 0. What is the units digit of v?
6
Suppose w - 7 = -3. Let h(a) = a**2 - 5*a + 3. Let p be h(w). Let v = 8 - p. What is the units digit of v?
9
Suppose -10*y + 54 = -y. What is the units digit of y?
6
Let h(r) = 2*r - 8. What is the tens digit of h(16)?
2
Suppose -3*b + 2*p + 300 = -0*p, 2*b - 200 = 4*p. What is the hundreds digit of b?
1
Suppose 0 = -2*f + 3 + 1. Suppose -a + 34 = f*a - 2*c, 2*a - 2*c - 24 = 0. What is the units digit of a?
0
Suppose -4*q + 14 = -2*l + 3*l, -l + 2*q = -26. Let v = 1 + l. What is the units digit of v?
3
Let n(d) be the second derivative of 2/3*d**3 - 1/12*d**4 + 0 + 1/2*d**2 + 2*d. What is the units digit of n(2)?
5
Let l(b) = b**2 - 8*b + 7. Let y be l(7). Let q be -1*(y - (7 - 2)). Suppose 0 = -q*m, 4*p - m = -p + 25. What is the units digit of p?
5
Suppose -m = 0, 10*m + 30 = -5*n + 5*m. What is the units digit of ((-150)/(-40))/(n/(-8))?
5
Let j = 0 - -1. Let q = j - 1. Let k(g) = -g**3 + g + 7. What is the units digit of k(q)?
7
Let z = -143 - -101. What is the units digit of 3/((-12)/(-16)) - z?
6
Suppose -24 = -15*n + 696. What is the tens digit of n?
4
Suppose o = 1 + 2. Suppose -d + o*d = 0. Suppose -2*x + 2*y + 8 = 0, -2*y + d*y = 3*x - 22. What is the units digit of x?
6
Suppose 2*i + 26 - 70 = 0. What is the tens digit of i?
2
Suppose -3*o = o - 60. What is the units digit of o?
5
Suppose 3*v + a - 9 - 2 = 0, 0 = 5*v - 2*a - 22. Suppose 0 = v*q - 2*q - 18. What is the units digit of q?
9
Let z = 6 + -4. What is the tens digit of (3 - z)/(1/13)?
1
Suppose 8*m - 6*m = 150. What is the tens digit of m?
7
Let t(v) = -v**3 - 8*v**2 - 8*v - 4. Let d be t(-7). Suppose l - d*n - 14 = 0, l + 4*n = 2*l - 16. What is the units digit of l?
8
Let f be (-4 - -5)*(-2 - -43). Suppose -3*s - 5*y = -f, -5*s = 5*y + 1 - 56. What is the units digit of s?
7
Let r be 6 - (6/3 + -2). Let c = 9 - r. Suppose -1 = q - c. What is the units digit of q?
2
Suppose -3*z - 231 = -0*z. Let r = z + 53. What is the tens digit of (r - 1)*(-12)/30?
1
Let a(p) = -61*p - 7. What is the tens digit of a(-3)?
7
Let f(o) = 3*o - 9. Let n be f(5). What is the units digit of n/9 + (-290)/(-6)?
9
Let l = -4 - -5. Let z be 7 + -4 + (0 - l). What is the units digit of (-4)/8 + 19/z?
9
Suppose 0 = -7*i + 1055 - 47. Suppose -7*h + 3*h = -i. What is the tens digit of h?
3
Suppose -4*o + m = 5*m - 60, 30 = 3*o - 2*m. Let p = 18 - 12. Let y = o - p. What is the units digit of y?
6
Suppose -14 = 5*v - 44. Let c = v + -3. What is the units digit of c?
3
Let d(a) = a**2 - 3*a. Let j be d(4). Let v(l) = -2*l + 6. Let h be v(j). What is the tens digit of 2*h/2*-5?
1
Let r(n) = 2*n**2 + 8*n + 8. Let z be r(-8). Suppose -4*y = -z - 20. What is the tens digit of y?
2
Suppose -5*n = -8*n. Suppose -3*f + 69 = -n*f. What is the tens digit of f?
2
Let j(h) = h**3 + 6*h**2 + 5*h + 2. Let z be j(-5). Let k(x) = x**3 - 5*x**z - 4*x + 2*x**2 - 2*x**3 - 3. What is the units digit of k(-2)?
1
Let k be (-8)/3*9/(-6). Let n be (1/2)/(1/6). Suppose -5*o - k*c + 35 = 0, n = 4*o + 4*c - 25. What is the units digit of o?
7
What is the tens digit of (16/12)/((-4)/(-78))?
2
Let s = 81 + -60. What is the units digit of s?
1
Suppose 5*d - 162 = 38. What is the units digit of d?
0
Let i(r) = -9*r - 5. Let d be i(5). Let n = -28 - d. What is the units digit of n?
2
Let z(h) = h**3 + 11*h**2 + 2*h + 1. Let s be z(-11). What is the units digit of (-142)/(-3) - 14/s?
8
Let w = -58 - -32. Let n = -8 - w. What is the units digit of (-4)/(-18) + 50/n?
3
Suppose -4*z + 4 + 0 = 0. Let r = 1 + z. Suppose r*n - 4 = -2*d, n - 4*d - 10 = -3. What is the units digit of n?
3
Let b = 0 + 5. Let l = 3 - -22. Suppose -l = -b*t - 0*t. What is the units digit of t?
5
Let t(v) = -v**2 - 16*v + 10. What is the units digit of t(-10)?
0
Suppose -j - 9 = -3*a, 0*a - 4*j + 6 = 2*a. Suppose 0*w + 7 = -n + 4*w, -3 = 5*n - 4*w. Let u = a - n. What is the units digit of u?
2
Suppose 0 = 6*c - 4*c. Suppose c = -3*l + 8*l + 35. What is the tens digit of -2 - (2 + l*2)?
1
Let q(y) = -4*y - 7. Let g(h) = -h**3 + 2*h**2 - 4*h + 3. Suppose 5*w - 3*v = 10, -6 = w - 4*w - v. Let b be g(w). What is the tens digit of q(b)?
1
What is the units digit of (3/1 - 116)*-1?
3
Suppose 0 = -2*c - 0*c + 118. What is the units digit of c?
9
Suppose 5*s = -x + 13, 4*x + 2*s - 3*s = 73. What is the units digit of -5*1/((-5)/x)?
8
Suppose -4 = -5*n - 2*g, n + 0*n - 5*g + 10 = 0. Let v be n/1 + 58 - 2. Suppose -a = 5*m - 2 - v, m - a - 8 = 0. What is the tens digit of m?
1
Suppose 0 = 3*m + m - 12. Let r be (-32)/m*9/(-6). Suppose -2*t - 5*a + r = -0*a, 2*t - 2*a - 16 = 0. What is the units